-2646 - -6801. Suppose -i*f = -5*f + d. Is f composite?
True
Let u = -173 + 232. Suppose 0 = u*s - 27*s - 931936. Is s a composite number?
False
Let r(k) = k**3 + 8 + 3 - 5*k + k**2 - 5. Let s be r(-3). Suppose s*l - 2*l - 719 = 0. Is l a composite number?
False
Suppose -4*b + 7*b + 109 = 2*g, -253 = -4*g - b. Let l = g - 64. Let j(z) = -108*z**3 - 2*z + 1. Is j(l) prime?
False
Suppose -320 = 16*j - 56*j. Suppose 2*g - 33 = -4*c + 15, g - 5*c - 59 = 0. Suppose 2*u + 3*i - 36 + j = 0, -4*u + g = -5*i. Is u a composite number?
False
Suppose 399*f = 407*f - 411816. Is f composite?
True
Suppose -4 = -u - 19. Let c(j) = -j**3 + 32. Is c(u) composite?
False
Let g(v) = -v**3 - 18*v**2 + 18*v - 31. Let k be g(-21). Let o = k + 3413. Is o prime?
True
Let k = 1339 - 682. Suppose -4*h = -591 - k. Suppose -5 = p, 6*d = 2*d - 4*p + h. Is d a prime number?
True
Let p(l) = 60*l + 10. Let r = 37 + -29. Let h be p(r). Suppose -4*c - 186 = -q - q, -5*q + h = -5*c. Is q a composite number?
False
Let y = 94 - 214. Let d be 6/45 - 464/y. Suppose d*x + 7*x = 29513. Is x prime?
True
Suppose -15006958 = -351*a - 5916609 + 4035998. Is a composite?
False
Let h = -58044 - -110445. Is h a prime number?
False
Suppose 2*v = 4*w - 238, -w + 4*w + v = 166. Suppose w*y - 63*y - 408 = 0. Let u = 247 + y. Is u composite?
False
Suppose 97155 + 36375 = 9*h - 254829. Is h a composite number?
False
Let a(z) = -z**3 - 2*z**2 - z - 8. Let i be a(0). Let o = -29 - i. Is 48/o + 2 + 2767/7 a composite number?
True
Let t be (-6)/4*16/(-12). Suppose 0 = 35*h - 80 - 25. Suppose -t*v = h*v - 6805. Is v a composite number?
False
Let z be 4/6*(-102)/(-4). Suppose -z*q + 1530 = -16*q. Let a = q - 781. Is a prime?
False
Let x be (-4)/(4/6*24/(-8)). Suppose u = x*z + 6333, -11*u + 7*u + 25332 = -4*z. Is u composite?
True
Let v(w) = 2*w**2 - 33*w - 283. Let i be v(-7). Suppose -65*l + i*l + 406163 = 0. Is l composite?
False
Suppose 7*s - 10*s = -189. Let c be ((-10170)/s)/((-1)/(-28)). Let i = c + 6853. Is i composite?
False
Is (188/(-564) - (-8)/6)*19409636/4 a composite number?
False
Let p = -307749 - -582110. Is p a composite number?
False
Suppose 3*k = d - 136943, -4*k = 464*d - 465*d + 136937. Is d a composite number?
True
Let c = 49824 + -31747. Is c a prime number?
True
Let y = 596183 + -346254. Is y composite?
True
Suppose 0 = -2*c, 0*c - 2*c = 2*x + 40. Let p = 44 + x. Suppose p*w - 56686 = 10*w. Is w a composite number?
False
Suppose 12*n - 13*n + 3*t + 4809 = 0, t = -2*n + 9576. Is n prime?
False
Suppose 39*p - 39 = 156. Suppose 17795 = r - 4*y - y, r + p*y = 17775. Is r composite?
True
Let g be 2 + (76 - 0) - 2. Let j = 495 - g. Is j a composite number?
False
Let v be (-1)/2*(-7 + 1). Suppose 0 = 2*l - v*l + 1458. Suppose 2*k + 3*a = -0*a + 997, 3*a = 3*k - l. Is k a composite number?
False
Suppose -y = -3*f + 11, -13*f + 9*f + 6 = 3*y. Is (y/5)/((-2)/84190) prime?
False
Let v be 2 + 0/2 - 0. Suppose -24 = 3*b + 4*d - d, b + 12 = -3*d. Is (-8 - 6404/b)/(v/3) a prime number?
False
Suppose 20*v + 21810 = 25*v. Suppose -37*n + 34*n + v = 0. Suppose -5*j = -n + 159. Is j prime?
False
Let c = -3820 - -4661. Suppose 2*j = -p - 3*j + 1599, -4*j + 7974 = 5*p. Let n = p - c. Is n a composite number?
True
Suppose -5*w = -3*w + 4*g - 24, 0 = 5*w + 2*g - 92. Suppose 3453 = 23*j - w*j. Is j a prime number?
True
Suppose k + 85*u = 84*u + 93458, -k + 93468 = 3*u. Is k composite?
True
Let x be 5 - 39/(-6)*138. Suppose -x + 345 = -a. Is a composite?
False
Suppose 15 = 3*u, -3*k + 6577 = -2*u - 7162. Is k composite?
False
Let w be ((-13)/((-52)/(-120)))/(-1). Suppose w = -8*i + 118. Suppose -7*v = -i*v + 708. Is v a prime number?
False
Let k(w) be the first derivative of 4*w**3 + 10*w**2 + 2*w - 256. Is k(-6) prime?
False
Let f(m) = 138*m**2 - 62*m - 7. Is f(8) a prime number?
True
Suppose -61*u + 122*u - 78*u + 1970827 = 0. Is u a prime number?
True
Is 661273 + -30 - (-13 + 3) prime?
True
Suppose -4*f + 678474 = 2*w, 2*f - 95472 = w - 434717. Is w a composite number?
True
Let n be (-2)/(-11) - 790/(-11). Let f be -2*(0 - 17/(-2)). Let h = f + n. Is h a composite number?
True
Let s = -9 + 11. Suppose -4*i + 124 = 2*v + s*v, -4*i + 3*v = -131. Let j = i + 713. Is j prime?
False
Suppose -g - 2038 = -0*a - 2*a, -a + 8180 = -4*g. Let f = 3665 + g. Is f composite?
False
Let f(p) = -p**3 - 22*p**2 - 3*p - 106. Let v be f(-17). Let w = 9889 - v. Is w composite?
True
Let p(a) = 5274*a - 121. Let x be p(4). Suppose 32*n - x = 27*n. Is n composite?
True
Let w = 465710 - -63671. Is w composite?
False
Suppose 0 = -m - 1 + 797. Let l = -2443 - -1701. Let b = m - l. Is b a prime number?
False
Suppose 39 = t - 3*y + 4*y, -3*y = -12. Suppose 104621 + 28274 = t*u. Is u a composite number?
False
Let k(h) = 30*h - 6. Let v be k(-2). Let a = v - -66. Suppose -5*m + m + 1436 = a. Is m composite?
False
Suppose 19*w + 5012730 = 37*w. Is w a composite number?
True
Let h(n) = 5348 - 6*n + 1631 + 13*n - n**2. Is h(0) a prime number?
False
Let k(u) = 39*u**2 - 18*u - 979. Is k(58) a prime number?
False
Let n = -779672 - -1223173. Is n prime?
True
Let g = -14137 - -28160. Is g a composite number?
True
Let l(t) = 30391*t**2 - 22*t - 296. Is l(-5) composite?
False
Suppose 152*q = 87*q + 8814845. Is q prime?
True
Let p(s) be the third derivative of 3*s**6/16 - s**5/15 + s**4/2 - 12*s**2. Let n(i) be the second derivative of p(i). Is n(3) a prime number?
True
Let u = -77283 + 972176. Is u a prime number?
True
Let r = -8 + 10. Suppose 0 = -r*l + 8*l + 186. Let g = 294 + l. Is g prime?
True
Let q = 56 - 43. Suppose 0 = -o - 3 + q. Suppose 3*w + 7833 = o*w. Is w prime?
False
Suppose -3 = q, m + 6*q = q + 56964. Suppose -4541 = 4*t - 2*d - m, -d = -t + 13108. Is t a prime number?
False
Suppose 4*i - 8155 = -5*a, -a + 2*a + 3*i - 1620 = 0. Let v = a + 4691. Is v prime?
False
Let k(f) = -2*f + 3. Let d be k(2). Let p be -2 - (65/(-13) - -3548). Is p/((-1)/d*3/(-3)) composite?
True
Suppose v = -2*m + 17333, 34672 = 4*m + 5*v - v. Let j = m + -5076. Is j a composite number?
True
Let p(g) = 200700*g**2 - 215*g - 17. Is p(2) a composite number?
True
Let c be 28389*(3 - (-32)/(-12)). Let d = 2734 + c. Is d a composite number?
False
Let o(h) = -1555*h**3 - 6*h - 25. Is o(-6) prime?
False
Let r = -525 - -529. Suppose 2*g - r*a = 3298, -4*g + 310 = -4*a - 6266. Is g a composite number?
True
Suppose 2*u = -z + 322, -7*u - 1288 = -4*z - 8*u. Is (-6)/14 - (-1211180)/z a prime number?
True
Let r = 19106 + 6627. Is r prime?
True
Let p be 1/(-7) + 2065/49. Let t(o) = 27*o**2 + 2. Let q be t(3). Let l = p + q. Is l a prime number?
False
Let g = 37528 + -13467. Is g a prime number?
True
Suppose 40 = 10*p + 30. Is (935 - 12) + (1 - (p + 4)) prime?
True
Let m = 67686 - -253315. Is m prime?
False
Let h(s) = 115026*s**2 - 434*s - 1297. Is h(-3) prime?
False
Let x be (2/5)/((-35)/225)*-14. Let a(q) = 166*q - 137. Is a(x) a composite number?
False
Suppose -4*p = -3*i + i - 312, -4*i - 4*p = 624. Let h = 131 - i. Is h a composite number?
True
Let m(q) = -254*q**3 - 2*q**2 + 7*q - 15. Let d be 4/10*180/(-7 - 11). Is m(d) a prime number?
False
Suppose 21 = -16*f - 27. Is 263/6*-10*f a prime number?
False
Let u(r) = -r**3 + r**2 - r + 3. Let j be u(0). Let z(v) = -57*v**2 - 11*v + 12. Let h be z(j). Let l = h + 1685. Is l prime?
True
Let q be 70/(-15)*210 + -8. Let p = 5897 + q. Is p a composite number?
False
Let k(u) = u**3 - 8*u**2 + 15*u + 3. Suppose 121*j = 123*j - 50. Is k(j) composite?
False
Let h be (2/(-3))/(84/(-18) + 5). Let p = -2 - h. Let a(g) = 4*g + 679. Is a(p) a composite number?
True
Let i(t) = t + 1. Let k(r) = 160*r + 19. Let l(h) = h**3 - 15*h**2 + 14*h - 3. Let g be l(14). Let f(z) = g*i(z) + k(z). Is f(3) composite?
False
Let q = 30 + 29. Let h = -55 + q. Suppose h*w - 5*f - 8109 = 0, -5*w + 6108 + 4050 = f. Is w prime?
False
Let n(z) = z + 10. Let g be 46/(-4) - 15/(-10). Let b be n(g). Suppose t + b*t = 5*x - 789, -4 = -4*t. Is x a composite number?
True
Let a(q) = -184*q + 7. Is a(-4) a prime number?
True
Suppose -138898 = -8*j + 179778 + 57060. Is j a prime number?
False
Let c = 579290 - 344001. Is c a prime number?
True
Suppose 4*u + 5555 - 35683 = 0. Let g = -3021 + u. Is g prime?
False
Let t(v) = -8 + 17 + 8*v + 4*v**2 - 9*v + 4*v.